0
Convert -27671703 (base 8) to base 14.
-b8ba15
What is -617a84 (base 11) in base 2?
-11110010000101001110
What is -4a0503 (base 12) in base 2?
-100100101110011010011
What is 110aa5a (base 11) in base 7?
22356650
154cc6 (base 15) to base 14
1cad5c
-2a57b3 (base 12) to base 14
-1486d9
Convert 34255065 (base 8) to base 2.
11100010101101000110101
3801675 (base 9) to base 3
10220001202112
Convert -2125332 (base 6) to base 3.
-12022212202
26310231 (base 7) to base 4
21023120202
Convert -1030325 (base 6) to base 3.
-2120111122
What is -24b6ab (base 12) in base 3?
-1010111212212
-125404 (base 14) to base 10
-629164
Convert 24743501 (base 8) to base 3.
101022221112202
Convert -4443113 (base 7) to base 14.
-103c7a
What is -35c536 (base 14) in base 5?
-432331013
What is -1551062 (base 7) in base 16?
-3443c
Convert -1735b (base 12) to base 7.
-166121
What is -5386 (base 13) in base 4?
-2311102
Convert 2084153 (base 9) to base 3.
2002211011210
-100223313 (base 5) to base 9
-666670
What is -6240014 (base 8) in base 7?
-20031323
Convert 12a13 (base 12) to base 11.
182a6
What is 2444264 (base 7) in base 12?
131612
Convert -200103332 (base 4) to base 15.
-29335
-188753 (base 11) to base 14
-77832
What is -302781 (base 9) in base 3?
-100002212201
3257672 (base 9) to base 14
33810c
Convert 20220100021 (base 3) to base 16.
212a4
What is -452971 (base 11) in base 3?
-1100122100112
Convert 33129 (base 10) to base 11.
22988
Convert 112221 (base 6) to base 2.
10010101110101
Convert 4832a6 (base 11) to base 7.
6336212
Convert -20111002222 (base 3) to base 10.
-127655
What is 1572413 (base 9) in base 5?
210440112
Convert -30001451 (base 6) to base 8.
-3151007
-87433 (base 11) to base 13
-45a37
-6240039 (base 10) to base 16
-5f3727
a83079 (base 12) to base 2
1010001001010010011101
14171875 (base 10) to base 6
1223430311
-325746 (base 9) to base 10
-194523
110624 (base 7) to base 3
222202222
-258ebe (base 16) to base 7
-26631006
What is 2256a (base 13) in base 16?
f3f1
What is -114015654 (base 7) in base 12?
-2447739
-14044402 (base 5) to base 14
-3a543
What is 2983 (base 11) in base 12?
2282
What is 202110010221221 (base 3) in base 5?
10240233103
-101222022 (base 3) to base 6
-101012
What is -1368363 (base 11) in base 4?
-20332213220
-15d809 (base 14) to base 9
-1388302
-e7d33 (base 16) to base 4
-3213310303
-145536 (base 7) to base 9
-42853
Convert 81744 (base 15) to base 3.
202211102201
What is -38351 (base 14) in base 15?
-2aca9
What is -35b54 (base 13) in base 9?
-160221
Convert 68656 (base 11) to base 10.
99281
Convert 14240413 (base 6) to base 15.
99669
Convert 100101001001001111110101 (base 2) to base 15.
cc5170
-1003102331 (base 4) to base 5
-32310040
What is -258758 (base 10) in base 7?
-2125253
Convert -17748 (base 10) to base 5.
-1031443
What is -11000010111101001 (base 2) in base 7?
-564004
What is -102521 (base 8) in base 16?
-8551
-2830 (base 14) to base 10
-7098
What is -10322313222 (base 4) in base 10?
-1289706
What is 1838347 (base 13) in base 15?
a6106d
-10131202020 (base 4) to base 14
-22630c
791771 (base 12) to base 5
443300034
Convert 624645 (base 8) to base 9.
345278
10e70 (base 16) to base 3
10111222011
What is 23145006 (base 7) in base 2?
111101111001010000101
-22200021021 (base 3) to base 8
-515436
-10111010001111011 (base 2) to base 5
-11022410
Convert -112101520 (base 7) to base 3.
-110212120011021
121115543 (base 6) to base 15
3056a3
Convert 184434 (base 11) to base 2.
1000101010101111000
What is a10480 (base 12) in base 15?
348953
301553 (base 10) to base 5
34122203
-50688d (base 14) to base 2
-1010010100111101001101
What is 46645 (base 10) in base 9?
70877
Convert 478727 (base 9) to base 13.
a144c
14d93 (base 16) to base 6
1455203
Convert 3976d4 (base 14) to base 12.
7b5862
What is -110101010110101110 (base 2) in base 4?
-311112232
What is -1652ec (base 16) in base 11?
-90a209
Convert -b6815 (base 13) to base 9.
-550827
What is 402784 (base 9) in base 4?
322023121
What is 768420 (base 10) in base 14?
160072
Convert -140c4 (base 14) to base 2.
-1100000110011100
What is 58439 (base 10) in base 16?
e447
7201465 (base 9) to base 13
a45697
What is -3303142202 (base 5) in base 12?
-2457698
-2064520 (base 7) to base 6
-5215331
What is -16e8a (base 16) in base 11?
-64554
-1309575 (base 14) to base 11
-51a2711
What is -2102210200111 (base 3) in base 8?
-4741543
What is 21938 (base 16) in base 8?
414470
102020 (base 3) to base 15
153
44306132 (base 7) to base 6
213452435
What is -b7c8a1 (base 13) in base 7?
-51436264
Convert -23171610 (base 8) to base 9.
-10435722
What is -54738 (base 11) in base 8?
-233071
What is -155342553 (base 6) in base 9?
-6252886
-1101110100011010101 (base 2) to base 7
-3564115
-202122011020 (base 3) to base 16
-63297
Convert 11220001020 (base 3) to base 5.
11040021
Convert -a93132 (base 11) to base 13.
-491bb8
Convert b836 (base 13) to base 6.
314204
Convert -38b7db (base 16) to base 7.
-43410656
Convert 2fe0e (base 16) to base 6.
4111530
Convert 101004042 (base 5) to base 3.
202122222122
Convert 2666588 (base 10) to base 13.
724982
Convert 18a86 (base 13) to base 10.
47937
20025233 (base 7) to base 6
55240045
212201110002120 (base 3) to base 2
110000000101100111110001
3bbc99 (base 13) to base 3
2201220000121
What is 50290 (base 16) in base 4?
1100022100
-13133230101 (base 5) to base 6
-1341250122
Convert -1c0291 (base 16) to base 12.
-746381
What is -2656cd (base 14) in base 6?
-44152433
What is 1371894 (base 11) in base 16?
240133
What is -2431305 (base 6) in base 13?
-4671b
What is 131157 (base 10) in base 11?
8a5a4
What is -1362884 (base 11) in base 9?
-4365440
448444 (base 11) to base 16
ae4dc
Convert -7d837c (base 15) to base 5.
-3014022132
Convert 12001022102 (base 3) to base 5.
11134441
What is 163408 (base 10) in base 8?
477120
Convert 103551361 (base 7) to base 14.
b7a9a1
Convert -16d32 (base 14) to base 6.
-1122024
What is 101220413 (base 5) in base 12?
17b602
What is -11051253 (base 9) in base 6?
-310343550
-11000011101110111111 (base 2) to base 11
-4a8393
Convert -244367 (base 8) to base 2.
-10100100011110111
Convert -95417 (base 10) to base 6.
-2013425
Convert 1201031320 (base 4) to base 3.
202020020011
Convert -542d3 (base 14) to base 11.
-129aa1
3795a7 (base 11) to base 15
bc446
What is -82734 (base 13) in base 12?
-b3590
-41204023 (base 5) to base 16
-51c28
What is -73b04b (base 13) in base 2?
-1010010101010111100100
What is -76b5 (base 14) in base 10?
-20543
Convert 10670 (base 12) to base 2.
101010010110100
What is -9363 (base 13) in base 2?
-100111110001001
What is 22014113 (base 5) in base 11?
119818
What is -1716a7 (base 14) in base 15?
-110388
What is 1626564 (base 7) in base 13?
7b921
12000001122220 (base 3) to base 7
31411326
What is 4202000 (base 6) in base 9?
337830
Convert 10120110202 (base 3) to base 16.
112b8
Convert 49f4e4 (base 16) to base 2.
10010011111010011100100
What is -6451245 (base 8) in base 4?
-12211022211
What is -379612 (base 11) in base 4?
-2102011112
2223111 (base 4) to base 16
2ad5
9552375 (base 11) to base 15
172557b
What is -1188000 (base 9) in base 4?
-2132121222
What is -1020221222 (base 3) in base 6?
-310342
What is -21121055 (base 8) in base 12?
-160aba5
What is 1072072 (base 8) in base 11?
18a342
Convert 74736163 (base 8) to base 3.
1010001112111210
Convert -16224 (base 11) to base 16.
-596f
Convert 101122012 (base 4) to base 7.
414610
Convert -342051 (base 16) to base 15.
-4772d0
What is 110110101011101110 (base 2) in base 6?
4444542
-6210c (base 14) to base 8
-715240
What is 8a1a0 (base 12) in base 13?
65652
Convert -ae9a9b (base 15) to base 16.
-7f2fa7
What is -3011132103 (base 4) in base 14?
-170ab1
2266546 (base 7) to base 9
474754
Convert -32193 (base 10) to base 15.
-9813
What is 757673 (base 13) in base 3?
12012010201212
What is 132172 (base 9) in base 6?
1415532
What is -63543 (base 7) in base 13?
-71c7
1212221001101 (base 3) to base 12
404124
123203503 (base 6) to base 5
1103131324
Convert -20034715 (base 8) to base 4.
-100003213031
-8116 (base 13) to base 14
-668c
What is -4b99 (base 16) in base 12?
-b249
What is 109a1 (base 14) in base 4?
21312001
194723 (base 10) to base 8
574243
-103462 (base 13) to base 15
-772ca
Convert b16660 (base 13) to base 11.
2